te?
False
Is 5886854429 prime?
False
Is 4568772209 a prime number?
True
Is 6667696781 composite?
False
Is 14937349919 prime?
False
Is 887053511 prime?
True
Is 42466835 composite?
True
Is 502151369 prime?
False
Is 1513463771 a prime number?
True
Is 125663102189 prime?
True
Is 6949686641 a prime number?
False
Is 29136936893 composite?
False
Is 87295853 prime?
False
Is 7114183847 prime?
True
Is 409262333 composite?
False
Is 25164500743 a composite number?
False
Is 22983668327 composite?
False
Is 3209786843 a prime number?
False
Is 183115595947 prime?
False
Is 12371143601 a prime number?
False
Is 4243053911 a prime number?
False
Is 555956461 composite?
False
Is 1000940839 a composite number?
True
Is 5201055989 prime?
True
Is 690503357 prime?
True
Is 52112239987 prime?
False
Is 10315837757 a prime number?
True
Is 174207365 composite?
True
Is 700752959 a composite number?
True
Is 1217132843 composite?
True
Is 1202931181 a composite number?
True
Is 4492826519 a prime number?
True
Is 41494624727 a prime number?
True
Is 6478347301 prime?
False
Is 10144485502 prime?
False
Is 61145436977 composite?
False
Is 151844771521 prime?
True
Is 882619769 composite?
False
Is 40671073291 composite?
False
Is 4318981553 prime?
False
Is 1441967711 composite?
True
Is 137512783259 a composite number?
False
Is 681518323 composite?
False
Is 2296932317 prime?
False
Is 861256283 a composite number?
False
Is 1016107753 a composite number?
False
Is 9584400809 composite?
True
Is 13413735242 a prime number?
False
Is 5077311133 prime?
True
Is 4935153941 a prime number?
False
Is 19903933429 composite?
True
Is 16217046067 composite?
True
Is 13882658791 composite?
False
Is 785175089 a prime number?
True
Is 57192857 composite?
False
Is 8552030287 a composite number?
False
Is 457779296995 composite?
True
Is 7656452854 a prime number?
False
Is 81838105567 composite?
True
Is 54353140111 composite?
False
Is 568472309 composite?
True
Is 1302297091 a prime number?
True
Is 6163875089 composite?
False
Is 29921251457 composite?
True
Is 52448462257 prime?
True
Is 798756367 a prime number?
False
Is 1963958894 composite?
True
Is 590951617 a composite number?
True
Is 1196913959 a composite number?
True
Is 26511041299 prime?
True
Is 9997725937 composite?
True
Is 11745949513 composite?
True
Is 1096671767 a prime number?
False
Is 3058396739 a composite number?
False
Is 4445147909 prime?
False
Is 1001150359 composite?
True
Is 18254011367 a prime number?
True
Is 1165019767 composite?
True
Is 2121932201 a composite number?
False
Is 4091197567 composite?
True
Is 166999621 composite?
False
Is 1842699633 a prime number?
False
Is 3414005923 composite?
False
Is 513552263 a prime number?
False
Is 767914307 composite?
False
Is 12938909129 composite?
False
Is 4733019101 composite?
True
Is 45576100331 composite?
True
Is 514952527 a prime number?
False
Is 96253047863 prime?
False
Is 69079344533 prime?
False
Is 12434755319 composite?
True
Is 15422818211 a prime number?
True
Is 474168359 a prime number?
False
Is 11582705391 composite?
True
Is 127097351 a prime number?
False
Is 4556230071 a prime number?
False
Is 76436281 a prime number?
True
Is 32969227 prime?
True
Is 8699427817 a composite number?
True
Is 172545367 a prime number?
False
Is 1091508989 a composite number?
True
Is 3273363241 a prime number?
True
Is 59164529573 a prime number?
False
Is 19316311631 composite?
False
Is 293003120363 prime?
False
Is 3535231099 a composite number?
True
Is 55588281713 a prime number?
True
Is 39931237 composite?
False
Is 4188029767 composite?
True
Is 2226088169 prime?
False
Is 6359759723 a prime number?
True
Is 897285677 composite?
True
Is 68154876373 a prime number?
True
Is 298309235131 a composite number?
False
Is 592382029 a prime number?
True
Is 28447908641 composite?
False
Is 16094083637 a composite number?
False
Is 26199848609 prime?
False
Is 68063335 a prime number?
False
Is 11591396813 composite?
False
Is 90892883227 a prime number?
True
Is 77228913365 prime?
False
Is 197962151 composite?
True
Is 27644132753 prime?
False
Is 3480377629 prime?
True
Is 479636869 a composite number?
False
Is 42921799 prime?
True
Is 2204683681 prime?
True
Is 15376451723 a composite number?
True
Is 2146562371 composite?
False
Is 694900702433 a composite number?
True
Is 25446093689 composite?
True
Is 311036227 a composite number?
False
Is 19072249477 a prime number?
True
Is 2467963679 a prime number?
False
Is 15334686401 composite?
True
Is 1026260827 prime?
False
Is 2877982439 a prime number?
True
Is 13689236191 a prime number?
True
Is 14307397919 prime?
True
Is 35418456751 composite?
False
Is 20781499801 a prime number?
True
Is 294669041 prime?
False
Is 52172062363 composite?
False
Is 686305307 composite?
False
Is 94389058889 a prime number?
True
Is 1610814593 composite?
False
Is 42669116095 composite?
True
Is 36727229191 prime?
False
Is 6231598307 a prime number?
False
Is 1316148019 a composite number?
False
Is 7727396891 prime?
False
Is 7579100203 prime?
False
Is 173176657 prime?
False
Is 91401689 composite?
True
Is 165998435 composite?
True
Is 16885402631 composite?
True
Is 13329199889 prime?
True
Is 74526059129 a prime number?
True
Is 134884326079 a composite number?
True
Is 7009021367 composite?
True
Is 1989516701 a composite number?
False
Is 13318179197 a prime number?
False
Is 8777392959 composite?
True
Is 220724813 composite?
True
Is 522335237 prime?
False
Is 8896478147 composite?
False
Is 1931638307 prime?
False
Is 206748701 composite?
False
Is 1332068911 a composite number?
False
Is 19038620357 a prime number?
False
Is 5743680011 a composite number?
False
Is 3727987597 prime?
True
Is 8941728049 a composite number?
True
Is 11382317153 a prime number?
False
Is 6653474077 a prime number?
True
Is 47109582769 composite?
False
Is 57563070077 composite?
False
Is 16746838501 a prime number?
True
Is 25094549 a prime number?
True
Is 22211984573 a prime number?
False
Is 1021581893 composite?
True
Is 56263064441 composite?
False
Is 22105633301 a prime number?
True
Is 1281606334 a composite number?
True
Is 1684339253 a composite number?
False
Is 1113240767 a prime number?
False
Is 20101893167 prime?
True
Is 36797284777 composite?
True
Is 1475644133 a composite number?
False
Is 3667920951 prime?
False
Is 3339220047 a prime number?
False
Is 21634312441 a prime number?
False
Is 13492088867 prime?
True
Is 489459043 prime?
False
Is 19381742437 prime?
True
Is 9548007527 a composite number?
False
Is 166962235741 composite?
True
Is 27996944801 prime?
False
Is 3008189641 prime?
True
Is 4830660337 composite?
False
Is 74170978909 a prime number?
True
Is 2418632061 a composite number?
True
Is 9723269371 a composite number?
False
Is 9317289403 composite?
False
Is 76746119 a composite number?
True
Is 31891959731 prime?
False
Is 215309893267 a prime number?
False
Is 172484197 composite?
True
Is 5954552579 prime?
True
Is 6537004421 a composite number?
False
Is 81742831631 composite?
False
Is 7396649167 a composite number?
False
Is 23851177037 a composite number?
False
Is 7845082697 composite?
True
Is 1597504807 prime?
False
Is 2151177227 a composite number?
False
Is 124866344117 a prime number?
True
Is 3151279 prime?
False
Is 3872915947 a prime number?
False
Is 245529776393 a composite number?
True
Is 47162662 composite?
True
Is 274742197 a prime number?
True
Is 702423457 a prime number?
True
Is 4096480529 prime?
True
Is 1154197718 composite?
True
Is 51244762063 a composite number?
True
Is 38284057457 a prime number?
True
Is 3454960615 composite?
True
Is 961552307 composite?
True
Is 168582577 prime?
False
Is 8244323413 prime?
False
Is 82638839183 a prime number?
True
Is 3160195449 a composite number?
True
Is 260845747 a composite number?
False
Is 6459750917 a composite number?
True
Is 3821195795 prime?
False
Is 3472300171 prime?
True
Is 13799860387 a composite number?
False
Is 865415899 prime?
True
Is 2271991511 prime?
True
Is 1998854507 a prime number?
False
Is 13684883707 composite?
True
Is 5419995407 a composite number?
False
Is 2062690629 composite?
True
Is 25191048991 a composite number?
False
Is 3234709711 a prime number?
False
Is 976935437 composite?
False
Is 83706390379 a prime number?
False
Is 972529933 a composite number?
False
Is 3722780081 